*u + 28. Let g be f(-15). Let o = g - 66. Suppose -o = -h + 17. What is the tens digit of h?
1
Suppose 0 = 3*u - 3, -3*x + 4*u = -93 - 155. Suppose x = -7*d + 21*d. What is the units digit of d?
6
Let y(d) = -15643*d + 784. What is the ten thousands digit of y(-5)?
7
Suppose b + 43 = 4*s, 11*s - b - 31 = 8*s. Suppose -s*y + 874 = -1970. What is the hundreds digit of y?
2
Suppose 0 = 5*f + n - 4411 - 2826, 3*f + 3*n - 4335 = 0. What is the thousands digit of f?
1
Let x(y) = -5*y**3 + 2*y**2 - 3*y - 6. Let q be x(-3). Suppose 888 - q = 12*n. Suppose -5*j = -349 - n. What is the tens digit of j?
8
Let i be (30 - (-2 - -2)) + 4. Let b be (-6)/(-10)*i*10. Suppose 3*c = 6*c - b. What is the tens digit of c?
6
Suppose 0 = 5*d - 12 + 42. What is the tens digit of 36/d - -2*326?
4
Let c(x) = 2*x**2 + 7*x - 29. Let q be c(-6). What is the hundreds digit of (633/9)/(q/6)?
4
Suppose o + 2*q - 2440 = 0, 47*o - 5*q = 47*o. What is the hundreds digit of o?
4
Suppose -6*b = 40 + 194. Let p = -34 - b. Suppose -p*q + 236 = -c, q + 2*c = c + 52. What is the tens digit of q?
4
Let l = -12 + 15. Suppose 0 = -p - p - 2*b + 662, p = -l*b + 339. What is the tens digit of p?
2
Suppose -2*y + 45 = -9. What is the units digit of y/(-63) - 1256/(-7)?
9
Let r = -60 + 85. Let d(p) = -p**2 + 27*p + 171. What is the units digit of d(r)?
1
Suppose 0 = -5*b - r + 53, -3*r + 39 = 5*b - 10. Suppose b = 7*v - 3. Suppose 0 = 3*p - 4*z - 187, -v*p + 3*z = 30 - 154. What is the units digit of p?
5
Suppose l + 4 = 2*k, -2*l + 14 + 14 = 5*k. Suppose 3*c - 2227 = -5*v, -2*c = -l*v + 2*c + 1788. What is the tens digit of (-15)/(-6) - 2 - v/(-4)?
1
Let t be (-8)/(-6) - 1 - 1/3. Suppose -3*v + 18 = -t*q - 5*q, 12 = 2*v - 3*q. Suppose -2*d + 2*y = -170, -v*y - 334 = -4*d - 4*y. What is the units digit of d?
2
Suppose 8 + 22 = 3*v + 5*k, v - 20 = -5*k. Suppose 0 = -v*w - w + 18. What is the units digit of (-8)/10*(w + 91/(-2))?
4
What is the units digit of -27*1093*17/(-51)?
7
Suppose 90660 - 209578 = 99*g - 1666387. What is the ten thousands digit of g?
1
What is the units digit of (144/27)/(-16) - 37864/(-3)?
1
Let w(h) = -3919*h + 763. What is the tens digit of w(-2)?
0
Let v = 3274 - 454. What is the tens digit of 1/(-2*(-6)/v)?
3
Let o(y) = -y**2 - 11*y - 14. Let p be o(-10). What is the hundreds digit of (p - 14/(-2))*(-185)/(-3)?
1
Let a = -13376 - -40860. What is the thousands digit of a?
7
Let j = 72 - -1786. Let r = j - 632. What is the thousands digit of r?
1
Suppose -11*s + 77 = 55. Suppose 0 = -s*i + 4*r + 3164, 4*r = 3*i + 6*r - 4706. What is the tens digit of i?
7
Suppose -5*o - 6686 = 4*v, -v + 1 = -0*v. Let w = o - -1940. Suppose 11*p - 4*p = w. What is the units digit of p?
6
Suppose 0 = 2*u + 3*a - 2304, 0 = 2*u - a - 645 - 1651. What is the tens digit of u?
4
Let k(h) = -h**2 + 7*h + 11. Let z be k(8). Suppose z*j + 2*l - 81 = -23, l = -4*j + 74. Suppose 3*i - 198 = -j. What is the units digit of i?
0
Let g be (2 - -5) + 5/5. Suppose 0 = g*s - 2778 - 766. What is the units digit of s?
3
Suppose -6*h = -2*r - 96778, 4*h + 2*r = 77704 - 13162. What is the hundreds digit of h?
1
Suppose 53530 = 4*d - o, 4*o = -5*d - 5138 + 72082. What is the ten thousands digit of d?
1
Let l(u) = u**3 + 25*u**2 + 37*u + 3. Let h be l(-23). Suppose -3*b + 16 = 2*j - 5*b, j + 5*b = -4. Suppose -8*f = -j*f - h. What is the units digit of f?
5
What is the thousands digit of (-34)/34 + (-6192)/(-6)?
1
What is the hundreds digit of ((-38)/(-152)*-12228)/((-3)/4)?
0
Let s be (-1)/((-3)/6*1). Let o be 559/26 + 3/(-2). What is the units digit of (o/(-8))/(s - 15/6)?
5
Let y(k) = 12*k - 36. Let z = 40 + -40. Suppose 8*i - 2*p - 50 = 3*i, z = i + p - 17. What is the hundreds digit of y(i)?
1
Let n(z) = z**3 - 8*z**2 - 27*z - 14. Let c be 36/3*((-1)/(-3) - -1). What is the hundreds digit of n(c)?
6
Suppose -2*l = 4, 150 = -2*k - l + 4*l. Let t be 2/((-2)/6*k/(-1417)). Let q = -63 - t. What is the units digit of q?
6
What is the units digit of 2072 + (-1015)/35 + 2*2*-1?
9
Let h be -15*(-6 + 15)/(-9). Suppose -25*t = -h*t - 9580. What is the units digit of t?
8
Let v = -1624 + 2976. What is the units digit of v?
2
Let k(c) be the third derivative of c**6/120 - 2*c**5/15 + 13*c**3/6 - 6*c**2 + 7. What is the hundreds digit of k(11)?
3
Let q(w) = 83*w + 28. Let f = -125 + 133. Let b be q(f). Suppose -4*h + 172 = -b. What is the hundreds digit of h?
2
Let h(b) = b**2 - 9*b + 47. Let t = 84 - 73. What is the units digit of h(t)?
9
Let b = -25061 - -56966. What is the thousands digit of b?
1
Let q be (4/(-3))/((-1)/3). Suppose q*i = 4*z + 24, i - 6*i + 4*z + 27 = 0. What is the units digit of (-41)/(-3)*(0 + i)?
1
Suppose -3*q + 78 = 5*a, 4*q - 3*a - 93 = 11. Let m = q + -26. Suppose m = -4*x + 5*b + 496, -4*b = -3*x - b + 372. What is the units digit of x?
4
Suppose 39 = n - 2*q - 2, -5*n + 149 = 4*q. Suppose 2*v - 2*r + 7715 = -1547, 2*r = 0. What is the tens digit of (-2)/(-3) - v/n?
4
Suppose 1435 = 5*s - 5*p, -5*s + p + 2*p = -1437. Let h be (4/(-6))/((-2)/s). Suppose -v = -7*v + h. What is the units digit of v?
6
Let c(l) = -10*l + 2. Let x be c(11). Let n = 116 + x. Let v = n - -17. What is the tens digit of v?
2
Let h(i) = -i**3 - 5*i**2 + 6*i + 460. What is the units digit of h(-29)?
0
Let j be (-4)/((-3)/2 - (-15)/(-30)). Suppose 1377 = j*m + 5*f, -35 + 50 = 5*f. What is the tens digit of m?
8
Suppose 4*x - 56 - 228 = -4*n, 0 = -3*n - 5*x + 211. What is the units digit of n?
2
Let k(n) = -6*n**2 + 39*n + 29. Let i be k(-21). What is the units digit of i/(-5) - -1 - (-3)/(-15)?
8
Suppose 2*i - 5*i = 0. Suppose 2*y = 2*v - 4, i*v - 5*y - 4 = -3*v. What is the units digit of v/3*(-66)/(-2)?
3
Let c = -51 - -54. What is the units digit of ((21040/(-12))/(-10))/(2/c)?
3
Let u = -36330 - -58539. What is the tens digit of u?
0
Let o(w) = -2648*w - 7493. What is the hundreds digit of o(-22)?
7
What is the thousands digit of (0 - 14138)/(-2) + -317 + 321?
7
Suppose -159451 = 11*f - 36*f + 86349. What is the hundreds digit of f?
8
Let k be (-34)/(-4) - 3/(-2). Let i be 2/k - (-1524)/(-20). What is the tens digit of -6 - (-6 - -4) - i?
7
Let p(x) = 3950*x**3 - 5*x**2 + 3. What is the thousands digit of p(1)?
3
Suppose 0 = 5*t, 5*b = 10*b + 3*t - 10665. Suppose -2145 = -5*z - 5*d, -d = 46*z - 51*z + b. What is the units digit of z?
7
What is the thousands digit of 4/(-16) - (620055/(-44) - (-7)/(-77))?
4
Suppose 10*b - 1124 = 326. Suppose -n - 4*j + 136 = 0, n + 2*j - b = j. What is the units digit of n?
8
Let i(x) = 13*x + 407. Let g(a) = 7*a**3 - 6*a**2 + 8*a - 4. Let l be g(2). What is the tens digit of i(l)?
7
Let d(h) = 8*h**2 + 49*h + 285. Let u be d(-6). Suppose 5895 = 294*q - u*q. What is the units digit of q?
3
Suppose -63*g + 740494 = -17414 - 785655. What is the units digit of g?
1
Let u be 192/(-5)*((-480)/18)/(-8). What is the units digit of ((-395)/(-3))/1 - u/(-192)?
1
What is the units digit of -6 + (59 - 5) + -12?
6
Let v = -1612 - -1998. What is the tens digit of v?
8
Let y(b) = 69*b**2 - 3*b + 4. Let v = 203 - 201. What is the tens digit of y(v)?
7
Suppose 4*z - 2*g - 194 = 0, 3*z + 0*z = 2*g + 146. Let x(n) = 11 + 0 - 1 + z*n + 18. What is the units digit of x(4)?
0
Suppose 4*z = -5*q - 1301, -7*z + 3*z - 1298 = 2*q. Let v(i) = -i**3 + 2*i**2 - 8*i. Let r be v(6). Let y = r - z. What is the units digit of y?
2
Suppose k = -4*k - 490. Let s = k + 101. Suppose -4*j - s*j = -343. What is the tens digit of j?
4
Let n be 6*(3/(-6))/(-1). Let c(k) = 20*k**3 + 4*k**2 - 6*k + 2. What is the units digit of c(n)?
0
Suppose 3*d - 15 = 0, -4*k + 52461 - 64 = 5*d. What is the hundreds digit of k?
0
Suppose 4*k = -4*c + 300, k - c - 60 = 3*c. Let y = 10 + -8. Suppose -4*m = -2*t + 4*t - 32, k = y*t - 4*m. What is the tens digit of t?
2
Suppose 25*r = -10*r + 70. Suppose 10*g = j + 8*g - 1130, -2*j + 2278 = r*g. What is the thousands digit of j?
1
Suppose -2*m = -o - 224, 3*o + 645 = -4*m - 7. Suppose 3*i - 2*z + 1090 = 0, -i - z - 1468 = 3*i. Let f = o - i. What is the tens digit of f?
4
Suppose 0 = -15*l + 42513 + 23517. What is the hundreds digit of l?
4
Suppose 1 - 181 = 4*p. Let x be (-32)/(-12)*p/(-12). Suppose -i + 3*w + 22 = 0, x*i + w - 30 = 5*i. What is the units digit of i?
7
Suppose 1351*